535208?
True
Is 2223600890 a multiple of 27?
False
Does 13 divide 4292350?
False
Does 189 divide 612491695?
False
Does 43 divide 105049258?
True
Is 37516550 a multiple of 15?
False
Is 479547989 a multiple of 76?
False
Is 3674034 a multiple of 18?
True
Is 32758626 a multiple of 17?
True
Is 7 a factor of 2402788783?
False
Is 16 a factor of 8328581?
False
Does 43 divide 569776273?
True
Does 2928 divide 156120656?
False
Is 108 a factor of 339690348?
True
Does 2734 divide 80156963?
False
Is 464744040 a multiple of 1735?
True
Does 38 divide 362112626?
False
Is 33636760 a multiple of 151?
True
Is 6 a factor of 68831782?
False
Is 281 a factor of 132924802?
True
Is 761 a factor of 923364677?
True
Is 596 a factor of 143007369?
False
Is 22 a factor of 789162?
True
Does 2832 divide 565139760?
True
Is 27 a factor of 925695?
True
Is 8 a factor of 888827360?
True
Is 9 a factor of 29039787?
True
Does 1652 divide 130935868?
True
Is 2 a factor of 11630638?
True
Is 256 a factor of 22946816?
True
Is 34 a factor of 1854683612?
True
Is 3932450017 a multiple of 48?
False
Is 343165172 a multiple of 14?
True
Does 3865 divide 1140236840?
True
Is 147378917 a multiple of 1127?
True
Is 183 a factor of 179319138?
True
Is 2122680 a multiple of 420?
True
Does 11 divide 21231074?
False
Does 100 divide 1390848300?
True
Is 96346158 a multiple of 54?
False
Is 143 a factor of 1145827833?
False
Does 66 divide 989798737?
False
Is 181373400 a multiple of 2?
True
Is 8 a factor of 519597858?
False
Is 52 a factor of 227499997?
False
Is 403 a factor of 314983138?
False
Is 1025 a factor of 207401370?
False
Is 267 a factor of 20040219?
True
Does 190 divide 1527970938?
False
Is 9 a factor of 620730929?
False
Is 10 a factor of 1382050460?
True
Is 6152775 a multiple of 8?
False
Does 59 divide 570187623?
True
Does 10 divide 18695326?
False
Does 217 divide 9366588?
True
Is 22637692 a multiple of 24?
False
Is 11 a factor of 395165606?
True
Does 1029 divide 1852901953?
False
Does 25 divide 2173495150?
True
Does 1478 divide 323985976?
False
Does 44 divide 125761548?
True
Does 1869 divide 721577913?
True
Is 247 a factor of 19089089?
False
Is 50468232 a multiple of 7458?
False
Does 1806 divide 1117795822?
False
Is 5 a factor of 7291317?
False
Is 17443955 a multiple of 83?
False
Does 60 divide 28973100?
True
Is 1571456410 a multiple of 3118?
True
Is 150956512 a multiple of 16?
True
Is 52 a factor of 289855864?
False
Does 979 divide 95174240?
False
Is 36 a factor of 2405062044?
True
Does 223 divide 1084730426?
True
Is 160197461 a multiple of 302?
False
Does 1567 divide 3487722348?
False
Is 112785157 a multiple of 1037?
True
Is 27183094 a multiple of 12?
False
Is 175570997 a multiple of 2110?
False
Is 105279802 a multiple of 464?
False
Is 2164 a factor of 7355436?
True
Is 1146 a factor of 1036778177?
False
Is 674 a factor of 347162572?
True
Is 627 a factor of 12477309?
False
Is 109 a factor of 12579799?
True
Is 12319 a factor of 734138486?
True
Does 32 divide 15119552?
True
Is 2585 a factor of 225510230?
True
Is 199 a factor of 101677657?
True
Is 31 a factor of 3435709318?
False
Is 12656150 a multiple of 10?
True
Does 16 divide 1242991287?
False
Does 109 divide 263977290?
True
Does 55 divide 1578329647?
False
Is 107623992 a multiple of 346?
True
Does 202 divide 12566687?
False
Is 637773174 a multiple of 62?
False
Is 39040329 a multiple of 119?
False
Is 1709 a factor of 333525525?
False
Does 1231 divide 23322577?
False
Does 173 divide 110685573?
True
Does 217 divide 278375641?
False
Does 67 divide 5714028?
True
Is 26 a factor of 18656924?
True
Does 10 divide 3354950?
True
Is 1127959689 a multiple of 89?
False
Is 757193840 a multiple of 13?
True
Is 2616 a factor of 56557920?
True
Is 111 a factor of 257664966?
True
Is 232 a factor of 262950424?
True
Is 169862130 a multiple of 6?
True
Does 1085 divide 607515197?
False
Does 5343 divide 446377851?
False
Is 1135 a factor of 462425105?
True
Does 397 divide 9055570?
True
Is 14380812 a multiple of 72?
False
Is 23 a factor of 257307164?
True
Does 9 divide 25186758?
False
Is 3708 a factor of 118380455?
False
Is 17 a factor of 1354866612?
True
Is 2205963297 a multiple of 6414?
False
Does 53 divide 18300794?
True
Does 6 divide 3765366?
True
Is 2075560 a multiple of 5?
True
Is 20 a factor of 363420900?
True
Is 5640692578 a multiple of 42?
False
Is 524893116 a multiple of 192?
False
Is 134587495 a multiple of 134?
False
Does 4326 divide 378643157?
False
Does 2115 divide 27437895?
True
Is 4802530 a multiple of 26?
False
Does 140 divide 2157487892?
False
Does 644 divide 72595254?
False
Is 681360711 a multiple of 236?
False
Is 467 a factor of 1544143809?
False
Is 395336684 a multiple of 7?
False
Is 1850668412 a multiple of 46?
True
Is 4787272263 a multiple of 13?
False
Is 22 a factor of 1234633422?
True
Is 1716950375 a multiple of 105?
False
Is 25804416 a multiple of 3278?
True
Does 49 divide 2341529435?
True
Does 78 divide 9994126?
False
Does 21 divide 4545584108?
False
Does 5525 divide 109135325?
True
Is 384571176 a multiple of 66?
True
Is 119 a factor of 281558165?
True
Is 130436922 a multiple of 2283?
True
Does 9 divide 112674480?
False
Is 36482808 a multiple of 59?
False
Is 2088 a factor of 1046770240?
False
Is 34780652 a multiple of 166?
True
Is 54 a factor of 286178616?
True
Is 66 a factor of 111027444?
True
Does 10 divide 163165020?
True
Is 852 a factor of 880592375?
False
Does 4015 divide 420154624?
False
Is 243790812 a multiple of 14341?
False
Is 22344579 a multiple of 243?
True
Is 2207 a factor of 586777531?
False
Does 17 divide 9262433?
True
Is 756 a factor of 3374050680?
True
Is 65488032 a multiple of 96?
True
Does 2061 divide 426476547?
True
Does 350 divide 1430540086?
False
Is 84577662 a multiple of 571?
True
Is 3934 a factor of 391328759?
False
Is 28456022 a multiple of 3685?
False
Is 10 a factor of 180424150?
True
Is 38 a factor of 19235167?
False
Is 419268347 a multiple of 221?
False
Is 241314876 a multiple of 22?
True
Does 42 divide 24242316?
True
Does 268 divide 99580760?
True
Is 98366554 a multiple of 13?
True
Is 328206717 a multiple of 5?
False
Does 1599 divide 131423917?
False
Does 10 divide 25862530?
True
Is 4350 a factor of 288966150?
True
Is 1947669128 a multiple of 2726?
False
Is 2214 a factor of 135251135?
False
Does 22 divide 948858944?
True
Is 882663094 a multiple of 4395?
False
Does 16 divide 113536317?
False
Is 720 a factor of 3909600?
True
Is 16 a factor of 478626119?
False
Does 2538 divide 151577853?
False
Is 41752728 a multiple of 12?
True
Does 788 divide 60926141?
False
Does 3819 divide 1485930798?
False
Is 27528242 a multiple of 419?
False
Does 17 divide 805103?
True
Is 226115953 a multiple of 5256?
False
Is 453 a factor of 1851112020?
True
Is 1757184 a multiple of 12?
True
Is 12 a factor of 128078588?
False
Does 257 divide 200449729?
False
Does 157 divide 1965483?
True
Is 2107062 even?
True
Is 1722414 a multiple of 36?
False
Is 22271820 a multiple of 8?
False
Does 603 divide 3994272?
True
Does 1336 divide 1533165544?
True
Is 218922069 a multiple of 92?
False
Is 824 a factor of 17366624?
True
Does 160 divide 31667200?
True
Does 1295 divide 29756510?
True
Is 357842359 a multiple of 2?
False
Is 131899928 a multiple of 118?
True
Is 1034583540 a multiple of 4786?
False
Is 44 a factor of 24457161?
False
Does 1145 divide 60905985?
True
Is 4044303 a multiple of 27?
True
Is 1455 a factor of 398468137?
False
Does 129 divide 397081995?
True
Is 2026 a factor of 37715024?
False
Is 157634309 a multiple of 17?
False
Is 2029 a factor of 442301710?
True
Does 346 divide 33461534?
False
Does 13 divide 6453556?
False
Is 298048386 a multiple of 30?
False
Is 528 a factor of 2137825489?
False
Is 5149 a factor of 2504221299?
True
Is 74 a factor of 468116230?
True
Is 9 a factor of 15020100?
True
Is 20839418 a multiple of 166?
False
Does 3799 divide 523240906?
False
Does 2738 divide 57454305?
False
Is 21868344 a multiple of 62?
False
Is 1180180754 a multiple of 531?
False
Is 168124833 a multiple of 9?
True
Does 5749 divide 4415106375?
False
Is 18 a factor of 196649154?
True
Does 4 divide 3908344?
True
Does 328 divide 31982126?
False
Is 680 a factor of 88350360?
True
Is 1754158 a multiple of 29?
False
Is 70 a factor of 133389690?
True
Is 61 a factor of 2